{"id":1676,"date":"2020-10-20T20:09:51","date_gmt":"2020-10-20T23:09:51","guid":{"rendered":"https:\/\/florensa.com.ar\/sitio\/?post_type=product&#038;p=1676"},"modified":"2024-06-05T15:08:32","modified_gmt":"2024-06-05T18:08:32","slug":"rabanito-pablo","status":"publish","type":"product","link":"https:\/\/florensa.com.ar\/sitio\/producto\/rabanito-pablo\/","title":{"rendered":"Rabanito Pablo"},"content":{"rendered":"","protected":false},"excerpt":{"rendered":"<p>Produce las ra\u00edces de un di\u00e1metro de 3,0-3,5 cm perfectamente globoso de color rojo. Puede ser cosechado 45-50 d\u00edas desde su siembra. Para el mercado fresco e industria. Posee buena resistencia a la sobre maduraci\u00f3n. Su follaje vigoroso permite una f\u00e1cil atadura para el manojo.<\/p>\n","protected":false},"featured_media":2553,"template":"","meta":{"inline_featured_image":false},"product_cat":[492,43,42],"product_tag":[244],"_links":{"self":[{"href":"https:\/\/florensa.com.ar\/sitio\/wp-json\/wp\/v2\/product\/1676"}],"collection":[{"href":"https:\/\/florensa.com.ar\/sitio\/wp-json\/wp\/v2\/product"}],"about":[{"href":"https:\/\/florensa.com.ar\/sitio\/wp-json\/wp\/v2\/types\/product"}],"wp:featuredmedia":[{"embeddable":true,"href":"https:\/\/florensa.com.ar\/sitio\/wp-json\/wp\/v2\/media\/2553"}],"wp:attachment":[{"href":"https:\/\/florensa.com.ar\/sitio\/wp-json\/wp\/v2\/media?parent=1676"}],"wp:term":[{"taxonomy":"product_cat","embeddable":true,"href":"https:\/\/florensa.com.ar\/sitio\/wp-json\/wp\/v2\/product_cat?post=1676"},{"taxonomy":"product_tag","embeddable":true,"href":"https:\/\/florensa.com.ar\/sitio\/wp-json\/wp\/v2\/product_tag?post=1676"}],"curies":[{"name":"wp","href":"https:\/\/api.w.org\/{rel}","templated":true}]}}

<p>Produce las raíces de un diámetro de 3,0-3,5 cm perfectamente globoso de color rojo. Puede ser cosechado 45-50 días desde su siembra. Para el mercado fresco e industria. Posee buena resistencia a la sobre maduración. Su follaje vigoroso permite una fácil atadura para el manojo.</p>
